?
True
Is 50069 a prime number?
True
Is 18329 a prime number?
True
Is 3241 prime?
False
Is 226753 a composite number?
False
Is 1207247 composite?
True
Is 281287 prime?
False
Is 9385 composite?
True
Is 28129 composite?
True
Is 123001 composite?
False
Is 352853 a prime number?
True
Is 12199 composite?
True
Is 407 a prime number?
False
Is 22993 composite?
False
Is 46091 prime?
True
Is 64709 composite?
False
Is 11589 prime?
False
Is 10643 prime?
False
Is 68267 a prime number?
False
Is 524429 composite?
False
Is 4881 composite?
True
Is 127481 prime?
True
Is 6735829 prime?
True
Is 52787 prime?
False
Is 6841 composite?
False
Is 1087 prime?
True
Is 918497 prime?
True
Is 766283 prime?
False
Is 1141601 a prime number?
False
Is 1357207 composite?
True
Is 10961 a prime number?
False
Is 29663 composite?
False
Is 44841 composite?
True
Is 654917 a composite number?
False
Is 5713 composite?
True
Is 9587 a prime number?
True
Is 58521 a composite number?
True
Is 2735 composite?
True
Is 1827193 a prime number?
True
Is 82487 a composite number?
False
Is 24593 a prime number?
True
Is 2307 a composite number?
True
Is 19253 prime?
False
Is 367819 a composite number?
False
Is 4177 a prime number?
True
Is 18763 composite?
True
Is 8951 a composite number?
False
Is 9413 composite?
False
Is 24733 a composite number?
False
Is 3386 composite?
True
Is 16439 prime?
False
Is 29765 prime?
False
Is 1580207 composite?
True
Is 9173 a composite number?
False
Is 318881 composite?
False
Is 37585 a prime number?
False
Is 15217 a prime number?
True
Is 247279 composite?
False
Is 105863 a composite number?
False
Is 283137 a composite number?
True
Is 213461 a composite number?
False
Is 3683 a prime number?
False
Is 45301 composite?
True
Is 175109 composite?
True
Is 819911 a composite number?
False
Is 69593 composite?
False
Is 980165 prime?
False
Is 112837 composite?
True
Is 253 a composite number?
True
Is 420653 prime?
False
Is 72551 a prime number?
True
Is 177739 a composite number?
False
Is 62365 prime?
False
Is 521 composite?
False
Is 23477 composite?
True
Is 86981 prime?
True
Is 2258 prime?
False
Is 32179 a prime number?
False
Is 16301 composite?
False
Is 80651 a prime number?
True
Is 309 a prime number?
False
Is 355241 prime?
False
Is 1571 composite?
False
Is 552929 composite?
True
Is 1719491 a composite number?
False
Is 29649 a composite number?
True
Is 19417 composite?
False
Is 1641721 a prime number?
True
Is 785801 a prime number?
True
Is 3513 a composite number?
True
Is 17707 prime?
True
Is 11629 prime?
False
Is 7451 prime?
True
Is 717883 composite?
False
Is 112835 composite?
True
Is 16343 composite?
True
Is 10135 prime?
False
Is 66329 a composite number?
True
Is 3067 composite?
False
Is 45007 a composite number?
False
Is 78053 a prime number?
False
Is 3389 composite?
False
Is 61301 prime?
False
Is 14501 composite?
True
Is 19807 a composite number?
True
Is 967 prime?
True
Is 18883 prime?
False
Is 363782 a composite number?
True
Is 31307 composite?
False
Is 305666 prime?
False
Is 12769 composite?
True
Is 7103 a prime number?
True
Is 1357 composite?
True
Is 15619 a composite number?
False
Is 911 prime?
True
Is 51587 composite?
True
Is 75127 composite?
True
Is 77093 prime?
True
Is 56993 a composite number?
False
Is 4237 composite?
True
Is 11549 a composite number?
False
Is 218869 composite?
True
Is 29459 a composite number?
True
Is 12373 a prime number?
True
Is 693751 a prime number?
False
Is 2201 a prime number?
False
Is 334093 composite?
False
Is 215077 a prime number?
True
Is 264697 a prime number?
True
Is 86509 composite?
False
Is 164173 composite?
False
Is 26797 a composite number?
True
Is 70027 prime?
False
Is 855982 a composite number?
True
Is 145429 composite?
True
Is 425965 a composite number?
True
Is 39673 prime?
False
Is 22405 a prime number?
False
Is 351607 composite?
True
Is 273739 a composite number?
False
Is 2843 composite?
False
Is 103229 a composite number?
True
Is 13911 a composite number?
True
Is 60019 a prime number?
False
Is 126283 a prime number?
False
Is 260003 composite?
False
Is 689 composite?
True
Is 8707 a prime number?
True
Is 28429 prime?
True
Is 27611 prime?
True
Is 109331 composite?
False
Is 20467 a composite number?
True
Is 77943 a composite number?
True
Is 140717 prime?
True
Is 12451 a composite number?
False
Is 14873 composite?
True
Is 28093 a prime number?
False
Is 176557 prime?
True
Is 33665 prime?
False
Is 5623 a composite number?
False
Is 362267 a prime number?
False
Is 416153 a prime number?
True
Is 4273667 a composite number?
False
Is 7405 composite?
True
Is 5779 prime?
True
Is 85502 prime?
False
Is 83303 composite?
True
Is 79657 a composite number?
False
Is 37907 composite?
False
Is 284341 composite?
False
Is 105601 a composite number?
False
Is 8413 prime?
False
Is 1031741 a prime number?
True
Is 56965 prime?
False
Is 1147793 composite?
False
Is 57037 a prime number?
True
Is 629 composite?
True
Is 96839 a composite number?
True
Is 1263 composite?
True
Is 27059 a prime number?
True
Is 138557 prime?
False
Is 53401 composite?
False
Is 89791 a prime number?
False
Is 191 a composite number?
False
Is 768421 prime?
False
Is 917758 a prime number?
False
Is 31307 a composite number?
False
Is 1301263 prime?
False
Is 1079437 a composite number?
True
Is 85571 prime?
True
Is 40459 a prime number?
True
Is 527 a composite number?
True
Is 337843 a composite number?
True
Is 1507 a composite number?
True
Is 25895 prime?
False
Is 983 a composite number?
False
Is 1393229 a prime number?
True
Is 54637 a prime number?
False
Is 10055 a composite number?
True
Is 10487 a prime number?
True
Is 35177 prime?
False
Is 1483 a prime number?
True
Is 75431 a prime number?
True
Is 592723 composite?
False
Is 30547 composite?
True
Is 879 composite?
True
Is 35333 prime?
False
Is 56039 composite?
False
Is 75155 a prime number?
False
Is 25867 a prime number?
True
Is 632713 a prime number?
True
Is 91213 prime?
False
Is 23783 prime?
False
Is 67391 a composite number?
False
Is 107581 a composite number?
False
Is 1669 a composite number?
False
Is 68909 prime?
True
Is 3019 prime?
True
Is 51049 a composite number?
True
Is 3687 a prime number?
False
Is 550019 composite?
True
Is 95369 composite?
False
Is 4063 prime?
False
Is 106087 a prime number?
True
Is 44501 a prime number?
True
Is 12763 composite?
False
Is 261557 a composite number?
False
Is 251151 a prime number?
False
Is 6547 prime?
True
Is 64553 a composite number?
False
Is 66029 a composite number?
False
Is 10361 a composite number?
True
Is 274 a composite number?
True
Is 112517 prime?
False
Is 3170579 a composite number?
False
Is 129169 composite?
False
Is 2513 a composite number?
True
Is 4999 composite?
False
Is 12079 composite?
True
Is 192341 prime?
True
Is 10189 a prime number?
False
Is 177185 composite?
True
Is 2519 a prime number?
False
Is 80039 a composite number?
False
Is 7003 a composite number?
True
Is 2155 a prime number?
False
Is 913 a prime number?
False
Is 11047 a composite number?
False
Is 1106789 prime?
True
Is 746173 prime?
False
Is 13897 composite?
True
Is 32467 a prime number?
True
Is 852521 a prime number?
True
Is 3137 composite?
False
Is 111913 a prime number?
True
Is 68711 a composite number?
False
Is 622879 composite?
False
Is 698773 prime?
True
Is 2735331 prime?
False
Is 74821 a composite number?
False
Is 4063 prime?
False
Is 210899 composite?
True
Is 56767 prime?
True
Is 296753 a composite number?
False
Is 619669 composite?
False
Is 178214 composite?
True
Is 1213 a composite number?
False
Is 85747 a prime number?
False
Is 98741 a prime number?
False
Is 9683 a composite number?
True
Is 19121 a prime number?
True
Is 278981 prime?
True
Is 33703 prime?
True
Is 27091 a prime number?
True
Is 1067 composite?
True
Is 8402 a prime number?
False
Is 545683 composite?
True
Is 11291 prime?
False
Is 12323 composite?
False
Is 250199 a prime number?
True
Is 3779 composite?
False
Is 6073 composite?
False
Is 546977 a composite number?
False
Is 64781 prime?
True
Is 781043 composite?
False
Is 36235 a composite number?
True
Is 10651 prime?
True
Is 4771 a prime number?
False
Is 159961 a prime number?
False
Is 719347 a composite number?
True
Is 755 prime?
False
Is 329471 a prime number?
True
Is 26293 a composite number?
Fa